f x(-4).
2
Let x = 543 - 380. What are the prime factors of x?
163
Suppose c - 227 = -3*g, 5*c - 580 = -4*g + 522. List the prime factors of c.
2, 109
Let i = 0 + -2. Let s be (17 - 1)/(-1 - i). Let n = s + -8. List the prime factors of n.
2
Suppose 0 = -4*x + 2*m - 13 - 13, -4*x = -4*m + 36. Let l = x + 6. Suppose -15 = -5*w - l*v, 2*w + v + 1 = 7. What are the prime factors of w?
3
Let q = 0 - 4. Let t = q - -5. Let w = 10 - t. List the prime factors of w.
3
Let s(b) = b - 4. Let w(a) = 2. Let l(p) = -3*s(p) - 7*w(p). List the prime factors of l(-10).
2, 7
What are the prime factors of 5/(1*3/108*4)?
3, 5
Suppose a = -2*z - 6, -12 = z - 4*a - 0*a. What are the prime factors of ((-28)/(-3))/(z/(-6))?
2, 7
Let f be (4 - 2/2) + 99. Let b be f/(-4)*8/(-12). List the prime factors of (-3)/(-6)*2*b.
17
Let y = -163 + 232. List the prime factors of y.
3, 23
Let g(p) = -p**2 + 6*p - 2. Let m be g(5). Let k(s) = -s - 7. Let w be k(-9). Suppose -16 = -2*y - 3*t, -m*y + t = -w*y - 8. List the prime factors of y.
2
Let i be ((-2)/(-5))/((-4)/(-40)). Suppose -i*h - 50 = -9*h. List the prime factors of h.
2, 5
Suppose -4*r + 19 = 5*y, -r + 7 = 3*y - 3*r. Let v(u) = -u**2 + 4*u + 1. List the prime factors of v(y).
2
Let h be 63/2 - (-1)/2. Let z = h - 19. List the prime factors of z.
13
Let n(q) = -q + 10. Let g be n(7). Let b = g + 17. Suppose -3*h + b = 2*h. List the prime factors of h.
2
Suppose t - 11 - 5 = -3*c, -3*c = 5*t - 68. What are the prime factors of t?
13
Suppose -12 = 4*c, 2*t - c = 40 + 15. List the prime factors of t.
2, 13
Let v(j) = 13*j**2 + j - 2. What are the prime factors of v(1)?
2, 3
Let q(r) = -3*r - 1. Let k be q(-1). Let o(a) = -a**2 - 5*a + 27. Let i be o(-8). Suppose 11 = k*h + i*c + 4, -h = 3*c + 4. What are the prime factors of h?
11
Suppose 2*h + 5*g = 36, -2*h + 54 = h + 2*g. Let f be (1 + 14/4)*2. Let r = h - f. List the prime factors of r.
3
Let x = 4 + -1. Suppose x*c - 38 = 2*h, -4*h - 4*c + 2*c - 108 = 0. Let k = h - -35. List the prime factors of k.
2, 5
Let t = -6 - -9. Suppose s - t = -0*s. Suppose 50 = s*n - 2*w, 5*w + 62 = 2*n + 2*n. What are the prime factors of n?
2, 3
Let y(z) = -11*z - 16. Let b(k) = -4*k - 5. Let g(c) = 8*b(c) - 3*y(c). What are the prime factors of g(11)?
19
Suppose -5*w + 340 = -4*g, -3*g = -7*g - 20. Suppose 5*f = 4*s - 228, -f = -4*s + w + 148. List the prime factors of s.
2, 13
Let r be (1 + (-18)/(-2))/2. Suppose r*a + 26 = 161. Suppose 0 = 3*n - 63 + a. List the prime factors of n.
2, 3
Let t = 167 + -98. What are the prime factors of t?
3, 23
Let g(v) = 0 - v**2 - 2 + 0*v**2 + 2*v**2 + 6*v. Let b be g(-5). Let o = -1 - b. List the prime factors of o.
2, 3
Let w(a) = a**2 - a. What are the prime factors of w(2)?
2
Suppose 2*a - 145 = -3*a. Let y = 47 - a. List the prime factors of y.
2, 3
Let b(r) = r**2 + 2*r - 10. Let u be b(-7). Suppose -239 - u = -6*s. List the prime factors of s.
2, 11
Let a = 22 - 15. Suppose -a*p = -6*p. Suppose 3*y + 5 - 20 = p. What are the prime factors of y?
5
Let i = 15 + 39. What are the prime factors of i?
2, 3
Let t(y) = -4 + 2 - 5*y + 3*y + 2*y**2. Let j be t(2). Suppose 48 = 6*h - j*h. List the prime factors of h.
2, 3
Let h be (-3)/7 + 114/21. Suppose h = k - 48. List the prime factors of k.
53
Let v be 113/(((-2)/(-2))/(-1)). Let q = -62 - v. List the prime factors of q.
3, 17
Let o(l) = 5*l**3 + 11*l**2 + 5*l + 4. Let u(h) = -h**3 - h**2 - h - 1. Let i(n) = o(n) + 6*u(n). What are the prime factors of i(4)?
2, 5
Let u(x) be the first derivative of x**3/3 + 4*x**2 + x + 3. Let n(j) = -10*j + 1. Let z be n(1). List the prime factors of u(z).
2, 5
Let c = -213 + 303. What are the prime factors of 3/((-30)/(-4))*c?
2, 3
Let d = -11 + 15. Suppose -4*y + 93 = g, 3*y - 65 = -0*y + d*g. List the prime factors of y.
23
Let f(o) = -o + 28. Let d be f(11). Suppose -v = 2*n + 21, -3*n + n - 4*v = 30. Let k = d + n. What are the prime factors of k?
2
Let s(m) = m**3 + 8*m**2 + 4*m - 16. List the prime factors of s(-7).
5
Suppose -5*j + 105 = -5*b - 0, 2*j - 47 = 3*b. List the prime factors of j.
2
Suppose t - 2*r + 5 = -3, 3*t = 3*r - 27. Let c = t - -17. Let x = 11 - c. List the prime factors of x.
2
Suppose -4*n - 6 = -2*n. Let d(k) be the second derivative of -2*k**3/3 - 2*k**2 - k. What are the prime factors of d(n)?
2
Let r(j) = j + 1. Suppose s = b - 2*s + 11, 3*b + 5*s = 37. Let f be r(b). Suppose -x = -f*m - 0*x + 45, -m - 2*x = -20. List the prime factors of m.
2, 5
Let s(h) = 2*h**2 + 8*h - 5*h**2 - 7 + 2*h**2. List the prime factors of s(5).
2
Let k(y) be the third derivative of y**4/24 - y**3/3 - 2*y**2. Let v(j) = 3*j - 5. Let g(b) = 5*k(b) - 2*v(b). List the prime factors of g(-2).
2
Let o(a) = a + 34. What are the prime factors of o(-16)?
2, 3
Let u be 0/(1 - 1 - -3). Suppose -4*y - 8 + 60 = u. List the prime factors of y.
13
Let s(v) = 50*v**2 + v. List the prime factors of s(1).
3, 17
Let m = -17 - -21. Let t = 18 + m. List the prime factors of t.
2, 11
Let u = 14 - -8. Suppose -3*l - 4*h + 27 = 0, -2*l + h = 3*l - u. Suppose -l*n = -18 - 32. What are the prime factors of n?
2, 5
Let s be 0*(1 - 2)/(-2). Suppose -4*o - w = 3*w + 4, 3*o - 2*w - 7 = s. Let v = 4 - o. What are the prime factors of v?
3
Let k(f) = -8*f - 42. What are the prime factors of k(-14)?
2, 5, 7
Let o(z) = -z**2 + 1. Let k be o(3). Let q(f) = -f**2 - 10*f + 2. List the prime factors of q(k).
2, 3
Let s = 11 + -16. Let j(c) = -c**2 - 6*c + 11. Let y be j(-6). Let n = s + y. What are the prime factors of n?
2, 3
Let v be (-2)/(-5) - 16/(-10). Suppose 9 = v*j - 2*b - 1, 3*j - 4*b - 12 = 0. List the prime factors of j.
2
Suppose -4*w + 5*w = 3. Suppose 4*y - 8 = 0, 0*h = -h + w*y. List the prime factors of h.
2, 3
What are the prime factors of ((-8)/3)/(4/(-6))?
2
Let p(t) = 3*t**2 - 5 + t**3 + 0*t**2 + 2*t - 8*t. Let d(k) = 2*k + 8. Let c be d(-6). What are the prime factors of p(c)?
3
Let v(o) = o**3 + 6*o**2 + o + 3. Let p be 132/(-20) - (-3)/5. Let r be v(p). Let l = r - -8. List the prime factors of l.
5
Let r(c) = -c - 5. Let n(j) = j**3 - 6*j**2 - 7*j + 6. Let d be n(7). Let h be (3/(-1))/(d/20). List the prime factors of r(h).
5
Suppose p = 6*p - 490. What are the prime factors of p?
2, 7
Let m(t) = -t**2 + 6*t - 4. Let u be -2*-1*(2 + -1). Suppose 2 - 7 = d, -u*d = -3*j + 19. List the prime factors of m(j).
5
Let w = 7 + -3. Let b(x) = x**3 + 6 + w - 1 + 7*x**2 - x. List the prime factors of b(-7).
2
Suppose -3*k = -6*k. Suppose 7*g - 6*g - 3 = k. What are the prime factors of g?
3
Let l = 13 + -9. Suppose 81 = 4*u + l*m - 9*m, -108 = -4*u - 4*m. What are the prime factors of u?
2, 3
Let s(n) = n**2 - 12*n + 12. Let g be s(11). Let q = g + 7. What are the prime factors of q?
2
Suppose -2*y + 4*s - 10 = 0, -s = 4*y + s + 40. List the prime factors of 7/(-2 + y/(-3)).
7
Let j(y) = -y. Let l be j(2). Suppose -3*q = 40 + 26. What are the prime factors of (-172)/q - l/11?
2
Let m = -32 + 3. Let n = 7 - m. Suppose i - 4*i - 26 = -2*q, -2*i + n = 4*q. List the prime factors of q.
2, 5
Let p(j) = j**3 - 3*j**2 - 2*j + 3. Suppose 4*l = 2 + 14. List the prime factors of p(l).
11
What are the prime factors of (-74)/(2/(-1)) + -3?
2, 17
Let t = 95 + -11. List the prime factors of t.
2, 3, 7
Let o be (-4 - -12)/(2/(-4)). Let h = 20 - o. List the prime factors of h.
2, 3
Let t(s) = 0*s - 13 - 9*s + s + 2*s. List the prime factors of t(-6).
23
Let u be (120 + 0)*(-6)/(-12). Suppose 0 = 3*k - u - 60. List the prime factors of k.
2, 5
Let i = 5 - 5. Suppose d = -u + 5, 5*d - 5*u + 6 - 1 = i. List the prime factors of d.
2
Suppose 6*w - 2171 + 839 = 0. What are the prime factors of w?
2, 3, 37
Suppose 0*j = -4*j + 400. What are the prime factors of j?
2, 5
Suppose -5*b - 5 = 0, -s - 3*b - 7 = -2*b. Let n = 4 + s. List the prime factors of n/6*60/(-5).
2
Let k be 0 - (8 - (4 - 2)). Let l = 24 - k. What are the prime factors of l?
2, 3, 5
Let i(h) = -2*h**2 - 38*h - 16. What are the prime factors of i(-15)?
2, 13
Let y(z) = 0 + z + 0 + 2. Let d(g) = -g**3 - 6*g**2 + 6*g. Let n be d(-7). List the prime factors of y(n).
3
Suppose 0 = 2*f - 2 - 6. Let d = 0 + f. Suppose 108 - 19 = 5*q + 3*g, g + 61 = d*q. List the prime factors of q.
2
Let n = 70 - -43. List the prime factors of n.
113
